488 and 57828.
948
Calculate the highest common factor of 166 and 131841101.
83
Calculate the highest common divisor of 11122 and 562076.
166
Calculate the greatest common factor of 783 and 357183.
27
What is the greatest common divisor of 50445 and 7229565?
2655
Calculate the highest common factor of 105112377 and 255.
51
Calculate the highest common factor of 27 and 1175883.
3
Calculate the highest common factor of 141741375 and 3829.
547
Calculate the greatest common factor of 15058020 and 4188.
12
Calculate the greatest common divisor of 85348696 and 4.
4
Calculate the greatest common divisor of 25170376 and 2610.
58
Calculate the greatest common factor of 3389 and 57301212.
3389
Calculate the greatest common divisor of 1369726 and 2466.
274
What is the greatest common divisor of 9176 and 107522?
74
Calculate the highest common divisor of 1716524 and 646.
34
What is the greatest common factor of 40633 and 6348593?
179
What is the highest common divisor of 1217397236 and 14874?
4958
What is the greatest common divisor of 32364 and 9381964?
3596
What is the highest common factor of 186107415 and 3315?
3315
What is the greatest common factor of 7020 and 3876780?
60
Calculate the highest common divisor of 58500 and 12356100.
900
Calculate the highest common factor of 1215 and 5594065.
5
What is the greatest common divisor of 557880 and 456?
24
What is the greatest common divisor of 30557150 and 67522?
1378
What is the greatest common divisor of 2261 and 173519?
17
Calculate the greatest common divisor of 6723 and 6845342.
83
Calculate the highest common factor of 12604 and 1185598.
274
What is the greatest common divisor of 568795875 and 1843?
1843
Calculate the greatest common divisor of 89741 and 4429.
43
What is the greatest common factor of 948 and 1582944567?
237
What is the highest common divisor of 2212168 and 2400?
8
What is the greatest common divisor of 64238461 and 1003?
17
Calculate the highest common factor of 1036264320 and 336.
336
What is the highest common divisor of 225153860 and 2792?
1396
What is the greatest common factor of 7056 and 12395334?
294
Calculate the greatest common divisor of 3273 and 33959557.
1091
Calculate the greatest common factor of 17 and 49287743.
17
What is the greatest common factor of 327687250 and 220?
110
What is the highest common factor of 7436352 and 294?
42
What is the greatest common divisor of 1887 and 317373?
51
Calculate the highest common divisor of 139422 and 384.
6
Calculate the greatest common factor of 48860720 and 8.
8
What is the highest common divisor of 7077 and 127722?
21
Calculate the highest common divisor of 128727951 and 363.
33
What is the highest common divisor of 69 and 27673439?
23
What is the greatest common divisor of 798896 and 27293?
49
Calculate the highest common factor of 42137506 and 206.
206
What is the highest common divisor of 13107 and 376248?
771
What is the greatest common divisor of 99586 and 2387106?
986
Calculate the highest common factor of 45031 and 1338983.
919
Calculate the greatest common divisor of 35754 and 1265904.
354
What is the highest common factor of 5298230 and 385?
35
Calculate the greatest common divisor of 3367332 and 16416.
2052
Calculate the highest common factor of 43296 and 10098858.
66
Calculate the greatest common factor of 236558868 and 4421.
4421
Calculate the highest common factor of 469 and 3978594.
67
Calculate the greatest common factor of 470 and 413325.
5
What is the highest common factor of 83317 and 1307215?
2873
What is the highest common divisor of 26771 and 16868548?
1409
What is the highest common factor of 118 and 2543535?
1
What is the highest common factor of 471568238 and 118?
118
Calculate the highest common factor of 297507 and 888832.
217
Calculate the greatest common factor of 5 and 10649855.
5
Calculate the highest common divisor of 332244 and 9108.
396
What is the greatest common divisor of 2701330 and 50?
10
Calculate the highest common factor of 8181558 and 7458.
66
What is the highest common factor of 359464 and 1082977?
917
Calculate the highest common divisor of 24815112 and 96.
24
Calculate the highest common divisor of 6239626 and 846.
94
Calculate the greatest common divisor of 1028468 and 15596.
28
What is the greatest common factor of 52083 and 1779181?
643
Calculate the highest common divisor of 3795650 and 6925.
25
What is the highest common divisor of 13929918 and 6821?
359
What is the highest common divisor of 3113644 and 95?
19
What is the greatest common divisor of 800 and 614920?
40
What is the greatest common divisor of 61452827 and 6513?
167
What is the greatest common divisor of 453678 and 470112?
498
What is the greatest common factor of 38963 and 235?
47
Calculate the greatest common divisor of 8770605 and 915.
15
What is the greatest common divisor of 89408 and 1174976?
704
Calculate the highest common divisor of 21 and 640267971.
21
What is the greatest common factor of 979 and 218471?
11
What is the greatest common divisor of 2501 and 5225327?
41
What is the greatest common factor of 70880 and 280480?
160
Calculate the greatest common factor of 554306721 and 746.
373
What is the greatest common factor of 16573133 and 253?
23
Calculate the greatest common divisor of 811488 and 65484.
1284
Calculate the highest common factor of 3501 and 191101307.
389
Calculate the greatest common factor of 31583726 and 6.
2
What is the highest common factor of 7189133 and 161?
161
Calculate the greatest common divisor of 960 and 3914112.
192
What is the greatest common divisor of 1450 and 367314?
58
Calculate the highest common divisor of 53169 and 1823553.
1437
What is the highest common divisor of 8668 and 27490956?
788
What is the highest common divisor of 55354550 and 5?
5
Calculate the highest common factor of 683146 and 3818.
46
What is the highest common factor of 18337 and 39391?
11
Calculate the greatest common factor of 301448056 and 112.
56
What is the greatest common factor of 341 and 15491410?
11
Calculate the highest common divisor of 592 and 115268.
4
What is the highest common factor of 343840 and 198240?
1120
What is the greatest common divisor of 15 and 7858155?
15
Calculate the highest common divisor of 3198 and 2962209.
123
What is the greatest common factor of 69425 and 85376088?
2777
What is the highest common factor of 158676372 and 8052?
732
Calculate the highest common factor of 109356 and 312.
156
What is the greatest common factor of 5944632 and 36?
12
Calculate the highest common factor of 20509442 and 1842.
614
What is the greatest common divisor of 3368226 and 30?
6
Calculate the greatest common divisor of 20670 and 12779.
13
Calculate the highest common divisor of 3031 and 8488099.
433
Calculate the greatest common divisor of 173574974 and 207.
23
What is the highest common factor of 3340400 and 1000?
200
Calculate the greatest common factor of 675 and 3239100.
225
Calculate the greatest common factor of 2828 and 1043644.
28
Calculate the greatest common factor of 140 and 54910940.
140
Calculate the highest common factor of 2254 and 147077.
7
Calculate the greatest common factor of 78045492 and 372.
12
What is the greatest common factor of 10507424 and 1072?
16
What is the greatest common divisor of 1406 and 175750?
1406
Calculate the highest common divisor of 661478109 and 102.
51
Calculate the highest common factor of 22554 and 882.
126
Calculate the highest common divisor of 48610 and 205.
5
What is the greatest common factor of 135582 and 646504?
766
What is the greatest common divisor of 14539 and 77799127?
469
What is the greatest common divisor of 13652645 and 975?
5
Calculate the highest common divisor of 1787553 and 155.
31
Calculate the highest common factor of 1563700 and 31825.
475
Calculate the highest common divisor of 2733 and 8961.
3
Calculate the greatest common factor of 6 and 3037886.
2
Calculate the greatest common divisor of 5792 and 787893.
181
Calculate the highest common factor of 8695 and 1904020.
185
What is the greatest common divisor of 58530 and 29130?
30
What is the highest common factor of 255732920 and 20?
20
Calculate the highest common divisor of 1380 and 333869196.
276
Calculate the highest common divisor of 40099482 and 2862.
2862
C